112386 is divided by 24182.
14
Calculate the remainder when 3921065 is divided by 1412.
1353
Calculate the remainder when 17207204 is divided by 11276.
28
Calculate the remainder when 6180565 is divided by 1236102.
55
What is the remainder when 31224675 is divided by 670?
665
Calculate the remainder when 3954463 is divided by 41.
13
Calculate the remainder when 768820 is divided by 2344.
2332
What is the remainder when 676026 is divided by 1905?
1656
What is the remainder when 12337437 is divided by 141?
78
Calculate the remainder when 261568 is divided by 64618.
3096
What is the remainder when 214864 is divided by 694?
418
Calculate the remainder when 2740004 is divided by 1096.
4
What is the remainder when 43223390 is divided by 440?
430
Calculate the remainder when 47097 is divided by 274.
243
Calculate the remainder when 1150648 is divided by 4.
0
What is the remainder when 6644691 is divided by 3322343?
5
Calculate the remainder when 7178566 is divided by 7.
3
Calculate the remainder when 205078 is divided by 1911.
601
What is the remainder when 2386343558 is divided by 4310?
4308
What is the remainder when 988142 is divided by 3830?
2
What is the remainder when 352944 is divided by 69840?
3744
What is the remainder when 4254919 is divided by 327?
322
What is the remainder when 3023215 is divided by 1237?
1224
Calculate the remainder when 29470294 is divided by 206.
140
Calculate the remainder when 1711462 is divided by 22519.
18
What is the remainder when 5466773 is divided by 321574?
15
Calculate the remainder when 1173540 is divided by 1325.
915
What is the remainder when 5307075 is divided by 62?
61
What is the remainder when 184425 is divided by 61367?
324
Calculate the remainder when 429370 is divided by 739.
11
Calculate the remainder when 3970711 is divided by 2584.
1687
What is the remainder when 54793134 is divided by 333?
315
Calculate the remainder when 63390343 is divided by 1886.
1883
Calculate the remainder when 1988696 is divided by 1382.
1380
What is the remainder when 12237692 is divided by 671?
665
What is the remainder when 29607443 is divided by 1287?
8
What is the remainder when 88436 is divided by 267?
59
What is the remainder when 372660 is divided by 124096?
372
Calculate the remainder when 7010980 is divided by 999.
997
What is the remainder when 940153 is divided by 93977?
383
Calculate the remainder when 193940 is divided by 10.
0
What is the remainder when 1459143 is divided by 12261?
84
Calculate the remainder when 56899 is divided by 4679.
751
What is the remainder when 573406 is divided by 3539?
88
What is the remainder when 6871426 is divided by 5182?
94
What is the remainder when 31053 is divided by 2184?
477
Calculate the remainder when 59336932 is divided by 799.
795
What is the remainder when 4555419 is divided by 75?
69
Calculate the remainder when 9156652 is divided by 113045.
7
What is the remainder when 3392061 is divided by 4981?
0
What is the remainder when 84564490 is divided by 1351?
1347
Calculate the remainder when 671948 is divided by 370.
28
What is the remainder when 2677979 is divided by 2641?
5
What is the remainder when 1092825 is divided by 40?
25
What is the remainder when 52644794 is divided by 7147?
7139
Calculate the remainder when 118830 is divided by 7368.
942
What is the remainder when 33927 is divided by 6768?
87
Calculate the remainder when 490234 is divided by 61246.
266
Calculate the remainder when 482775 is divided by 9466.
9
Calculate the remainder when 387991965 is divided by 1196.
1193
Calculate the remainder when 49749435 is divided by 8291570.
15
What is the remainder when 25967103 is divided by 38?
31
What is the remainder when 93507 is divided by 13324?
239
What is the remainder when 77861995 is divided by 32?
11
What is the remainder when 1838369 is divided by 3197?
94
Calculate the remainder when 58873561 is divided by 206.
203
Calculate the remainder when 358132 is divided by 115.
22
What is the remainder when 768657 is divided by 2786?
2507
What is the remainder when 81116966 is divided by 1803?
1799
Calculate the remainder when 800654 is divided by 72663.
1361
What is the remainder when 595279 is divided by 6538?
321
Calculate the remainder when 142529903 is divided by 3476.
3475
What is the remainder when 26664 is divided by 2550?
1164
What is the remainder when 1172546 is divided by 282?
272
What is the remainder when 2921672 is divided by 118?
110
What is the remainder when 1393678 is divided by 4236?
34
What is the remainder when 303802 is divided by 29?
27
Calculate the remainder when 2038696 is divided by 1914.
286
What is the remainder when 1262819050 is divided by 297?
295
Calculate the remainder when 126029822 is divided by 32.
30
What is the remainder when 4246 is divided by 529?
14
What is the remainder when 35764 is divided by 35111?
653
Calculate the remainder when 64908 is divided by 1420.
1008
Calculate the remainder when 6430417 is divided by 1144.
1137
Calculate the remainder when 28338526 is divided by 795.
751
Calculate the remainder when 63760996 is divided by 19.
17
Calculate the remainder when 44801272 is divided by 861.
859
Calculate the remainder when 31583506 is divided by 399791.
17
What is the remainder when 266498 is divided by 29610?
8
Calculate the remainder when 30024418 is divided by 31178.
4
What is the remainder when 164076 is divided by 7454?
88
Calculate the remainder when 2508083 is divided by 1326.
617
Calculate the remainder when 4631046 is divided by 2315511.
24
Calculate the remainder when 2078674 is divided by 32.
18
Calculate the remainder when 2791137 is divided by 697734.
201
Calculate the remainder when 9301 is divided by 1302.
187
What is the remainder when 3307129 is divided by 4793?
4752
Calculate the remainder when 853983 is divided by 4616.
23
What is the remainder when 122338 is divided by 61132?
74
What is the remainder when 9039210 is divided by 140?
110
What is the remainder when 10526646 is divided by 2618?
2286
What is the remainder when 536165 is divided by 99?
80
Calculate the remainder when 19427914 is divided by 3760.
3754
Calculate the remainder when 893637 is divided by 440.
437
What is the remainder when 233397987 is divided by 378?
375
Calculate the remainder when 33066 is divided by 31092.
1974
What is the remainder when 39085 is divided by 1727?
1091
Calculate the remainder when 1729387 is divided by 20.
7
Calculate the remainder when 1631405 is divided by 1631082.
323
Calculate the remainder when 311728 is divided by 103870.
118
Calculate the remainder when 51435 is divided by 51413.
22
What is the remainder when 118422 is divided by 3469?
476
What is the remainder when 3941740 is divided by 447?
94
What is the remainder when 21310033 is divided by 1641?
7
What is the remainder when 399284 is divided by 11408?
4
Calculate the remainder when 7189826 is divided by 14855.
6
Calculate the remainder when 836699 is divided by 17431.
11
Calculate the remainder when 82043 is divided by 355.
38
What is the remainder when 597102 is divided by 6417?
321
What is the remainder when 1752417 is divided by 85?
57
What is the remainder when 7422514 is divided by 558?
556
What is the remainder when 26512 is divided by 2937?
79
What is the remainder when 67504 is divided by 1837?
1372
Calculate the remainder when 245196 is divided by 24516.
36
Calculate the remainder when 5145945 is divided by 1282.
1279
Calculate the remainder when 9254 is divided by 6516.
2738
What is the remainder when 146206 is divided by 10422?
298
Calculate the remainder when 91503 is divided by 388.
323
What is the remainder when 14596886 is divided by 810929?
164
What is the remainder when 102286 is divided by 137?
84
Calculate the remainder when 36914066 is divided by 12304683.
17
What is the remainder when 21933075 is divided by 52?
47
What is the remainder when 9780 is divided by 617?
525
Calculate the remainder when 87420755 is divided by 4476.
4475
Calculate the remainder when 15940829 is divided by 3337.
3317
Calculate the remainder when 7549406 is divided by 5584.
5422
Calculate the remainder when 91277 is divided by 376.
285
What is the remainder when 999997 is divided by 4973?
424
What is the remainder when 1325965 is divided